-7).
-3
What is 0 - (2 + (1 - 3))?
0
What is the value of (15 - 9) + (-1 + -2 - 2)?
1
-13 + 5 - -5 - -4
1
Evaluate -5 + 2 - (6 - 4).
-5
Evaluate (-3 - 1) + (-4 - -8).
0
Evaluate 2 - -1 - (-8 + 14).
-3
What is 0 + (-1 - 4 - -2)?
-3
What is the value of -9 + 12 + -8 - 0?
-5
Evaluate 7 + (13 - 16) + 3.
7
Evaluate -1 + (-5 - (-2 - -2)) + -2.
-8
What is the value of 11 - (2 + 8) - -1?
2
What is 5 - (3 + 4 - (13 - 7))?
4
1 + -21 + 11 + 18
9
Calculate -1 - -3 - (14 - (28 + -18)).
-2
What is the value of 2 - (-1 + 7 - 6)?
2
2 + (-2 - 0) + (-1 - -3)
2
Evaluate 8 + -4 + (0 - 7).
-3
Evaluate -6 + 0 + 13 - -3.
10
What is -3 - -3 - -3 - (4 + 0)?
-1
(-6 - 0) + 5 - (0 + -5)
4
6 + (-2 + -2 - 0)
2
Calculate (-10 - -33) + -13 - (9 - 2).
3
Calculate 1 + -1 + -1 + -2.
-3
Evaluate -1 + 4 + -9 + 12 + -4.
2
131 - 130 - (1 - (0 - 1))
-1
Evaluate -9 + (11 + -4 + 1 - 4).
-5
What is -3 - (-6 + -1 + 4)?
0
What is the value of -6 + 1 + -6 + 12?
1
What is the value of -2 - 0 - 0 - (326 + -324)?
-4
What is -8 + (-4 - -14) + -2?
0
Calculate (-1 - -1) + -6 + 4.
-2
What is the value of (-1 + 2 - -3) + -1?
3
1 + -8 - (13 + -21)
1
Evaluate -3 + 0 - -1 - (8 - 11).
1
Calculate -4 + 1 + -2 + (0 - -1).
-4
Evaluate 2 + (2 - (4 - 5)).
5
(2 - (-1 - 0)) + (-7 - -6)
2
Evaluate (2 - 26) + 11 - -5.
-8
(-6 - (3 + 0)) + 3 - -1
-5
4 - (-5 - (-5 + 2 - -2))
8
What is 1 + 11 + -102 + 94?
4
What is the value of -4 + 1 - (15 - 17)?
-1
What is (-11 - (-24 - -12)) + 0?
1
What is -11 + 3 - (2 - 5)?
-5
Calculate 0 + (-6 - -4) + 6.
4
1 - (-3 + 4) - (2 - 1)
-1
What is 1 - (-1 + (-2 - -4) + -3)?
3
Evaluate -2 + (0 - (4 - 5) - -1).
0
What is -4 + (-5 - -2 - -1 - -2)?
-4
What is (5 - -2 - 0) + 4 + -8?
3
Calculate 3 + (-1 + -7 - 0).
-5
8 - 3 - (4 - 1)
2
Calculate 1 + 8 + (-9 - (-6 - -1)).
5
What is the value of (-1 - (-4 + 8)) + 1?
-4
What is 12 - (8 - (5 - 6))?
3
What is the value of (-62 - -64) + (-1 - 4)?
-3
-4 + 4 + -7 + 4
-3
What is the value of -1 + -6 + 3 + 5?
1
(5 - 2) + (1 - (3 + 5))
-4
Evaluate 2 - (1 - -1 - (12 + -13)).
-1
Evaluate -4 - (-6 + -1 + 2 + 3).
-2
What is the value of -3 - (-7 - -3 - -4) - -4?
1
-1 + 5 - (-4 + 3 + 2)
3
What is 0 - 3 - (-10 - (1 + -13))?
-5
Calculate 1 - (-1 - (-4 - -3)).
1
5 + 1 + -4 + -3
-1
Evaluate (-11 - (1 + 4 + -8)) + 7.
-1
4 - (0 + (1 - 0))
3
What is 3 + -6 + (-2 - 2) - -6?
-1
What is (-4 - -3) + (-6 - (-10 - -7))?
-4
Evaluate 5 + (0 - 4) + 2 + 2.
5
1 - -3 - 0 - 2 - 1
1
What is 4 + -6 - (4 - 3) - -1?
-2
Calculate -1 - 0 - (1 + 4).
-6
What is the value of 2 + -5 - -1 - -2?
0
What is the value of -3 + 4 - -1 - (3 + -4)?
3
What is -779 + 774 + (-1 - -1 - -6)?
1
-1 + 2 - (-9 + 9) - 6
-5
What is the value of 6 + -7 + 3 - -3?
5
What is -3 - (3 - (6 + -3 + 2))?
-1
-2 - (2 + (3 - (3 - -1)))
-3
What is the value of -6 - (-15 - (-1 + -6))?
2
1 + -6 + (-78 - -85)
2
What is 5 - (7 + (-3 - 0) - 0)?
1
Calculate -2 - ((9 - 4) + -5).
-2
(-2 + -4 - -4) + -2
-4
Evaluate 9 + (-10 + 3 - -3).
5
What is the value of 0 + -1 + 2 + -2 - -1?
0
Evaluate (2 - (-3 - -10) - -1) + 0.
-4
-35 + 35 + (1 - 2) + -2
-3
Evaluate -1 + 1 + (-1 - 0 - 3).
-4
Calculate -2 + 9 - (10 + (-5 - 0)).
2
Calculate -6 + (-4 + 3 - (3 - 13)).
3
Calculate 5 + (-3 - 0) - 0.
2
What is 4 + 0 + -12 + 5 + 3?
0
Calculate 0 + (-9 + 8 - -1).
0
(0 - 6) + 5 + 5
4
Calculate (4 + -6 - 1) + -1 + 9.
5
Calculate 1 + 0 + (-2 - -2 - -4).
5
What is 1 + 2 + 0 - 1 - 6?
-4
What is the value of (0 - 9 - 0) + (-62 - -66)?
-5
What is -9 - (-4 + 10) - -11?
-4
-2 + 1 - (3 + 3 + -6)
-1
Evaluate (-1 - (3 - -2) - -3) + -2.
-5
7 + (9 - (17 - 4))
3
-10 + 0 - (4 + -3 + -6)
-5
What is the value of 2 - 0 - (-1 - -6 - 4)?
1
What is the value of 2 - (4 + -3 + 1)?
0
Calculate -8 - -6 - (2 + -12).
8
What is the value of 4 + -1 + 0 + 1?
4
What is the value of -4 - (-3 - (4 - 3))?
0
What is -2 + (1 - -1) + 10 + -15?
-5
Evaluate (7 + -4 - 1) + 5 + -15.
-8
Evaluate 0 + -8 + (2 - -3).
-3
Evaluate (13 - 12) + 11 + -11.
1
What is 2 + 9 - 9 - (2 + 0)?
0
-1 + (0 - 0) + 4
3
What is the value of 2 + 1 + (-4 - 2)?
-3
What is 6 + -3 - (2 + -1) - -3?
5
Evaluate -4 - (-4 + 2 + -1).
-1
What is the value of 5 + -2 - -1 - (11 + -3)?
-4
What is the value of 8 - (3 - (3 + -10))?
-2
2 - (-4 - -3 - 2) - 6
-1
What is -5 + (1 - 3) + 2?
-5
Evaluate 2 - (-1 + (16 - 10)).
-3
Calculate 2 - (3 + 8) - -4.
-5
Evaluate -5 + (17 - 6) + 1 + -4.
3
What is the value of (3 - 4 - -2) + -7?
-6
What is -2 - -1 - (11 - 15)?
3
What is 2 - (1 + 3 + -3)?
1
-13 + 16 + 1 + -6
-2
What is the value of (0 - (-5 - -2)) + 0?
3
Evaluate -3 - (1 + (-3 - -2) + -1).
-2
-1 - 3 - (4 + -13)
5
What is (1 - 5 - -1) + 1 + 1?
-1
(0 - 8) + (11 - (9 - -1))
-7
Evaluate -33 + 29 + (-2 - -1).
-5
What is -8 + 2 + 6 + -4 + 8?
4
What is the value of -1 + (0 - -5) + 0?
4
Evaluate -14 - ((-1 - -5) + -8) - -4.
-6
Calculate 5 - (-19 - -7 - -16).
1
What is the value of 5 - (1 - -1 - -4) - 0?
-1
What is the value of 0 - (6 - 3) - -8?
5
Calculate 0 + 6 + -9 + 8.
5
Evaluate (-18 + 7 - -6) + 9.
4
Evaluate (0 - (-7 - -8)) + 4.
3
What is 2 + 1 + (0 - 2) + 0?
1
What is the value of 3 - -1 - (-14 + 10)?
8
What is the value of 7 + -6 - (0 + 0)?
1
Calculate 0 + -1 + -2 - (17 - 16).
-4
Evaluate -7 - 0 - (28 - 38).
3
What is the value of 6 + (-5 - -8 - 6)?
3
-6 + (4 - 1 - -6 - -2)
5
Calculate 0 + 2 + (-4 - 1).
-3
Evaluate 5 + -1 + (1 - -2) + -4.
3
Evaluate 4 + (4 - (-3 - -11)) + -1.
-1
Calculate -7 + 7 + 2 - 5.
-3
Calculate 1 - -1 - (-1 - (-2 + 3)).
4
Evaluate -7 + 9 + 10 + -7.
5
Calculate -9 + 16 + -22 + 10.
-5
Evaluate -8 + 1 + -1 - -7.
-1
What is the value of (-8 - (-3 + -1)) + 8?
4
What is -2 - (1 - 0) - -6?
3
What is the value of (1 - 3) + (11 - (4 - 0))?
5
Evaluate 7 - (-7 + 16 - 7).
5
Calculate 1 - ((6 - -6) + -5).
-6
What is the value of 1 + 1 + 11 + -9?
4
Evaluate 64 + -79 + 5 + (-4 - -3).
-11
Calculate (16 - 6) + -14 - (-3 - 0).
-1
What is -6 + 13 - 6 - -3?
4
Calculate (13 - 11) + (4 - 1).
5
3 + -3 + 1 + -1
0
1 + (-2 + 2 - -2 - -1)
4
What is the value of 110 + -103 + (1 - 0)?
8
12 + 4 + 5 + -13 + -4
4
What is the value of 13 - 16 - (-1 - 1)?
-1
What is -40 - -49 - (-4 - -17)?
-4
What is the value of 13 + (19 - 9) + -16?
7
Evaluate -6 + 4 + (-7 - -7) + -2.
-4
2 + 4 + (-6 - -3)
3
Calculate (1 - 1) + 0 + (-1 - 1).
-2
What is the value of 0 - (-1 + -4 + 0 + 3)?
2
What is the value of (8 - 9) + 0 + -1 + -1?
-3
Calculate 1 + (12 - (-3 + 18)).
-2
Evaluate (-14 - -3) + 3 + 1.
-7
What is 1 + 3 + (0 + -1 - 4)?
-1
What is the value of 0 + 0 - (15 + -2 + -6)?
-7
What is the value of -2 + 1 + -13 - (-179 + 173)?
-8
What is the value of -321 + 317 - ((0 - 0) + 0)?
-4
What is the value of 0 - (0 + 2 - 0 - 1)?
-1
What is the value of -3 - (-2 + (-8 - -3) + 11)?
-7
18 - (-2 - -8 - -5)
7
What is 7 - (4 + (-4 - -5)) - 7?
-5
What is (-6 + 14 - 1) + -3?
4
Evaluate 3 + 0 - ((-8 - -21) + -12).
2
Evaluate (-3 - -9) + (-4 - -1).
3
-4 + (2 - (4 + -6))
0
What is 16 - (0 + 1) - 11?
4
Calculate -10 - (-3 - (-8 + -6 + 18)).
-3
Evaluate 4 - (8 - (-2 - (-4 + 3))).
-5
0 - (-8 + (17 - 7))
-2
Evaluate (0 + -2 - 1) + 6.
3
2 + (-3 - -3) + 21 + -25
-2
What is 1 - ((3 - 0) + -5)?
3
What is the value of (-3 - 6) + (79 - 72)?
-2
What is 0 - (-25 + 28 + -6 + 0)?
3
1 - (1 - (0 - -2 - -3))
5
-1 + 1 + 8 + (-8 - -9)
9
What is (2 + 3 - -7) + -7?
5
5 + 0 - (-126 - -123)
8
What is 4 + -16 - -5 - (0 - -2)?
-9
Calculate 0 - 5 - (-10 - 3).
8
What is the value of (6 - (-3 - -11)) + 1 + 5?
4
-19 + 12 + (1 - -6)
0
Calculate -21 + 18 - (0 + -1).
-2
What is the value of (-3 - -6) + -2 + 0 + -1?
0
What is (2 - -1) + 64 + -69?
-2
What is (3 - (3 + (7 - 13))) + 0?
6
What is the value of -21 - (-11 - (-4 - -5))?
-9
(-19 + 24 - (0 - 0)) + 6
11
(1 - (-6 - -1)) + (-24 - -28)
10
What is 1 - (2 + 1 + -5 + -2)?
5
Evaluate 1 + (-7 - (-5 - (-3 + 0))).
-4
Calculate 2 + -8 + (-9 - (-14 + 4)).
-5
Evaluate 2 + (4 - (3 - -7) - -3).
-1
What is 9 + (8 - 11) + -2 - 8?
-4
Evaluate (-18 - -20) + 2 - (1 + 2).
1
Evaluate -5 + 0 - (-13 + 12).
-4
What is the value of 0 + 8 + -2 + -4?
2
Evaluate -8 - (-4 + (-10 - (-10 + 2))).
-2
Calculate -2 - (1 + 2 + -8).
3
Calculate 2 + (-1 - (0 - 2)) + -1.
2
Calculate (-2 - (-4 - 7)) + (-19 - -13).
3
What is -1 - (1 - (6 + 2))?
6
Evaluate 1 - (2 + 6 + -7) - 2.
-2
-3 + (7 - (18 + -7)) - -10
3
Calculate 1 + (-4 - -8) + 2 + -1.
6
Evaluate -6 + 18 - (12 + -2).
2
Calculate 1